[INFO] cloning repository https://github.com/waldemarnt/elasticsearch-data-generator
[INFO] running `Command { std: "git" "-c" "credential.helper=" "-c" "credential.helper=/workspace/cargo-home/bin/git-credential-null" "clone" "--bare" "https://github.com/waldemarnt/elasticsearch-data-generator" "/workspace/cache/git-repos/https%3A%2F%2Fgithub.com%2Fwaldemarnt%2Felasticsearch-data-generator", kill_on_drop: false }`
[INFO] [stderr] Cloning into bare repository '/workspace/cache/git-repos/https%3A%2F%2Fgithub.com%2Fwaldemarnt%2Felasticsearch-data-generator'...
[INFO] running `Command { std: "git" "rev-parse" "HEAD", kill_on_drop: false }`
[INFO] [stdout] 9b9c704703ed40387ccda8cf07416e01b99bf545
[INFO] checking waldemarnt/elasticsearch-data-generator against try#72f88fc4e9458f89516a0b8b0868f3718aec5b47 for pr-74989
[INFO] running `Command { std: "git" "clone" "/workspace/cache/git-repos/https%3A%2F%2Fgithub.com%2Fwaldemarnt%2Felasticsearch-data-generator" "/workspace/builds/worker-9/source", kill_on_drop: false }`
[INFO] [stderr] Cloning into '/workspace/builds/worker-9/source'...
[INFO] [stderr] done.
[INFO] validating manifest of git repo https://github.com/waldemarnt/elasticsearch-data-generator on toolchain 72f88fc4e9458f89516a0b8b0868f3718aec5b47
[INFO] running `Command { std: "/workspace/cargo-home/bin/cargo" "+72f88fc4e9458f89516a0b8b0868f3718aec5b47" "read-manifest" "--manifest-path" "Cargo.toml", kill_on_drop: false }`
[INFO] started tweaking git repo https://github.com/waldemarnt/elasticsearch-data-generator
[INFO] finished tweaking git repo https://github.com/waldemarnt/elasticsearch-data-generator
[INFO] tweaked toml for git repo https://github.com/waldemarnt/elasticsearch-data-generator written to /workspace/builds/worker-9/source/Cargo.toml
[INFO] crate git repo https://github.com/waldemarnt/elasticsearch-data-generator already has a lockfile, it will not be regenerated
[INFO] running `Command { std: "/workspace/cargo-home/bin/cargo" "+72f88fc4e9458f89516a0b8b0868f3718aec5b47" "fetch" "--locked" "--manifest-path" "Cargo.toml", kill_on_drop: false }`
[INFO] [stderr] error: the lock file /workspace/builds/worker-9/source/Cargo.lock needs to be updated but --locked was passed to prevent this
[INFO] [stderr] If you want to try to generate the lock file without accessing the network, use the --offline flag.
[INFO] the lockfile is outdated, regenerating it
[INFO] running `Command { std: "/workspace/cargo-home/bin/cargo" "+72f88fc4e9458f89516a0b8b0868f3718aec5b47" "generate-lockfile" "--manifest-path" "Cargo.toml" "-Zno-index-update", kill_on_drop: false }`
[INFO] running `Command { std: "/workspace/cargo-home/bin/cargo" "+72f88fc4e9458f89516a0b8b0868f3718aec5b47" "fetch" "--locked" "--manifest-path" "Cargo.toml", kill_on_drop: false }`
[INFO] [stderr]     Blocking waiting for file lock on package cache
[INFO] [stderr]  Downloading crates ...
[INFO] [stderr]   Downloaded curl v0.3.11
[INFO] [stderr]   Downloaded curl-sys v0.2.5
[INFO] running `Command { std: "docker" "create" "-v" "/var/lib/crater-agent-workspace/builds/worker-9/target:/opt/rustwide/target:rw,Z" "-v" "/var/lib/crater-agent-workspace/builds/worker-9/source:/opt/rustwide/workdir:ro,Z" "-v" "/var/lib/crater-agent-workspace/cargo-home:/opt/rustwide/cargo-home:ro,Z" "-v" "/var/lib/crater-agent-workspace/rustup-home:/opt/rustwide/rustup-home:ro,Z" "-e" "SOURCE_DIR=/opt/rustwide/workdir" "-e" "CARGO_TARGET_DIR=/opt/rustwide/target" "-e" "CARGO_HOME=/opt/rustwide/cargo-home" "-e" "RUSTUP_HOME=/opt/rustwide/rustup-home" "-w" "/opt/rustwide/workdir" "-m" "1610612736" "--user" "0:0" "--network" "none" "rustops/crates-build-env@sha256:d92eaeed33fa75130ca1ee6c8a01d1ffb62bac859dfdfb3450e3e5d1c0146529" "/opt/rustwide/cargo-home/bin/cargo" "+72f88fc4e9458f89516a0b8b0868f3718aec5b47" "metadata" "--no-deps" "--format-version=1", kill_on_drop: false }`
[INFO] [stderr] WARNING: Your kernel does not support swap limit capabilities or the cgroup is not mounted. Memory limited without swap.
[INFO] [stdout] bb57b660b42f574117e1bd0668a234cdc1b31253e473e39d06adb0bebfb5ce00
[INFO] running `Command { std: "docker" "start" "-a" "bb57b660b42f574117e1bd0668a234cdc1b31253e473e39d06adb0bebfb5ce00", kill_on_drop: false }`
[INFO] running `Command { std: "docker" "inspect" "bb57b660b42f574117e1bd0668a234cdc1b31253e473e39d06adb0bebfb5ce00", kill_on_drop: false }`
[INFO] running `Command { std: "docker" "rm" "-f" "bb57b660b42f574117e1bd0668a234cdc1b31253e473e39d06adb0bebfb5ce00", kill_on_drop: false }`
[INFO] [stdout] bb57b660b42f574117e1bd0668a234cdc1b31253e473e39d06adb0bebfb5ce00
[INFO] running `Command { std: "docker" "create" "-v" "/var/lib/crater-agent-workspace/builds/worker-9/target:/opt/rustwide/target:rw,Z" "-v" "/var/lib/crater-agent-workspace/builds/worker-9/source:/opt/rustwide/workdir:ro,Z" "-v" "/var/lib/crater-agent-workspace/cargo-home:/opt/rustwide/cargo-home:ro,Z" "-v" "/var/lib/crater-agent-workspace/rustup-home:/opt/rustwide/rustup-home:ro,Z" "-e" "SOURCE_DIR=/opt/rustwide/workdir" "-e" "CARGO_TARGET_DIR=/opt/rustwide/target" "-e" "CARGO_INCREMENTAL=0" "-e" "RUST_BACKTRACE=full" "-e" "RUSTFLAGS=--cap-lints=forbid" "-e" "CARGO_HOME=/opt/rustwide/cargo-home" "-e" "RUSTUP_HOME=/opt/rustwide/rustup-home" "-w" "/opt/rustwide/workdir" "-m" "1610612736" "--user" "0:0" "--network" "none" "rustops/crates-build-env@sha256:d92eaeed33fa75130ca1ee6c8a01d1ffb62bac859dfdfb3450e3e5d1c0146529" "/opt/rustwide/cargo-home/bin/cargo" "+72f88fc4e9458f89516a0b8b0868f3718aec5b47" "check" "--frozen" "--all" "--all-targets" "--message-format=json", kill_on_drop: false }`
[INFO] [stdout] a28571825cdf70dedad037429021608f9f00cff7945df2f81896ecc8edaf891f
[INFO] [stderr] WARNING: Your kernel does not support swap limit capabilities or the cgroup is not mounted. Memory limited without swap.
[INFO] running `Command { std: "docker" "start" "-a" "a28571825cdf70dedad037429021608f9f00cff7945df2f81896ecc8edaf891f", kill_on_drop: false }`
[INFO] [stderr]     Blocking waiting for file lock on package cache
[INFO] [stderr]    Compiling libc v0.2.77
[INFO] [stderr]    Compiling pkg-config v0.3.18
[INFO] [stderr]    Compiling autocfg v1.0.1
[INFO] [stderr]    Compiling cc v1.0.59
[INFO] [stderr]    Compiling gcc v0.3.55
[INFO] [stderr]    Compiling bitflags v1.2.1
[INFO] [stderr]     Checking openssl-probe v0.1.2
[INFO] [stderr]     Checking ansi_term v0.11.0
[INFO] [stderr]    Compiling num-traits v0.2.12
[INFO] [stderr]    Compiling num-integer v0.1.43
[INFO] [stderr]    Compiling openssl-sys v0.7.17
[INFO] [stderr]    Compiling curl-sys v0.2.5
[INFO] [stderr]     Checking time v0.1.44
[INFO] [stderr]     Checking atty v0.2.14
[INFO] [stderr]     Checking clap v2.33.3
[INFO] [stderr]    Compiling libz-sys v1.1.2
[INFO] [stderr]     Checking chrono v0.4.15
[INFO] [stderr]     Checking curl v0.3.11
[INFO] [stderr]     Checking elastic-data-generator v0.1.0 (/opt/rustwide/workdir)
[INFO] [stdout] error[E0433]: failed to resolve: use of undeclared type or module `UTC`
[INFO] [stdout]   --> src/generator/mod.rs:27:30
[INFO] [stdout]    |
[INFO] [stdout] 27 |     let utc: DateTime<UTC> = UTC::now();
[INFO] [stdout]    |                              ^^^ use of undeclared type or module `UTC`
[INFO] [stdout] 
[INFO] [stdout] 
[INFO] [stdout] error[E0412]: cannot find type `UTC` in this scope
[INFO] [stdout]   --> src/generator/mod.rs:27:23
[INFO] [stdout]    |
[INFO] [stdout] 26 | fn date_gen() -> String {
[INFO] [stdout]    |            - help: you might be missing a type parameter: `<UTC>`
[INFO] [stdout] 27 |     let utc: DateTime<UTC> = UTC::now();
[INFO] [stdout]    |                       ^^^ not found in this scope
[INFO] [stdout] 
[INFO] [stdout] 
[INFO] [stdout] error[E0433]: failed to resolve: use of undeclared type or module `UTC`
[INFO] [stdout]   --> src/generator/mod.rs:27:30
[INFO] [stdout]    |
[INFO] [stdout] 27 |     let utc: DateTime<UTC> = UTC::now();
[INFO] [stdout]    |                              ^^^ use of undeclared type or module `UTC`
[INFO] [stdout] 
[INFO] [stdout] 
[INFO] [stdout] error[E0412]: cannot find type `UTC` in this scope
[INFO] [stdout]   --> src/generator/mod.rs:27:23
[INFO] [stdout]    |
[INFO] [stdout] 26 | fn date_gen() -> String {
[INFO] [stdout]    |            - help: you might be missing a type parameter: `<UTC>`
[INFO] [stdout] 27 |     let utc: DateTime<UTC> = UTC::now();
[INFO] [stdout]    |                       ^^^ not found in this scope
[INFO] [stdout] 
[INFO] [stdout] 
[INFO] [stdout] error: aborting due to 2 previous errors
[INFO] [stdout] 
[INFO] [stdout] 
[INFO] [stdout] Some errors have detailed explanations: E0412, E0433.
[INFO] [stdout] 
[INFO] [stdout] For more information about an error, try `rustc --explain E0412`.
[INFO] [stdout] 
[INFO] [stdout] error: aborting due to 2 previous errors
[INFO] [stdout] 
[INFO] [stdout] 
[INFO] [stdout] Some errors have detailed explanations: E0412, E0433.
[INFO] [stdout] 
[INFO] [stdout] For more information about an error, try `rustc --explain E0412`.
[INFO] [stdout] 
[INFO] [stderr] error: could not compile `elastic-data-generator`.
[INFO] [stderr] 
[INFO] [stderr] To learn more, run the command again with --verbose.
[INFO] [stderr] warning: build failed, waiting for other jobs to finish...
[INFO] [stderr] error: build failed
[INFO] running `Command { std: "docker" "inspect" "a28571825cdf70dedad037429021608f9f00cff7945df2f81896ecc8edaf891f", kill_on_drop: false }`
[INFO] running `Command { std: "docker" "rm" "-f" "a28571825cdf70dedad037429021608f9f00cff7945df2f81896ecc8edaf891f", kill_on_drop: false }`
[INFO] [stdout] a28571825cdf70dedad037429021608f9f00cff7945df2f81896ecc8edaf891f
